 227575 is divided by 3?
1
What is the remainder when 75886 is divided by 5053?
91
What is the remainder when 20431345 is divided by 729690?
25
What is the remainder when 9318855 is divided by 42747?
9
Calculate the remainder when 15076 is divided by 942.
4
What is the remainder when 353660 is divided by 174516?
4628
What is the remainder when 1395914 is divided by 2172?
1490
Calculate the remainder when 52124 is divided by 637.
527
What is the remainder when 27669 is divided by 6816?
405
What is the remainder when 981352 is divided by 18516?
4
What is the remainder when 56209 is divided by 8019?
76
Calculate the remainder when 590479 is divided by 135.
124
What is the remainder when 183198808 is divided by 5?
3
What is the remainder when 2297696 is divided by 51?
44
Calculate the remainder when 1539979 is divided by 4574.
3115
Calculate the remainder when 794268797 is divided by 122.
119
What is the remainder when 6757242 is divided by 675721?
32
What is the remainder when 2089456 is divided by 1044716?
24
What is the remainder when 33890104 is divided by 197?
194
What is the remainder when 148732 is divided by 17785?
6452
What is the remainder when 41736 is divided by 41548?
188
What is the remainder when 10262 is divided by 257?
239
What is the remainder when 33542810 is divided by 733?
730
Calculate the remainder when 11202700 is divided by 1634.
1630
Calculate the remainder when 612305 is divided by 612.
305
What is the remainder when 1982990 is divided by 19633?
57
What is the remainder when 148120 is divided by 204?
16
Calculate the remainder when 1195725 is divided by 108696.
69
What is the remainder when 10339601 is divided by 258?
251
What is the remainder when 1945226 is divided by 2934?
2918
Calculate the remainder when 1682248 is divided by 6023.
1831
Calculate the remainder when 863642 is divided by 498.
110
Calculate the remainder when 102839 is divided by 5003.
2779
What is the remainder when 49861 is divided by 593?
49
What is the remainder when 1822243 is divided by 450?
193
What is the remainder when 302005 is divided by 43138?
39
Calculate the remainder when 1472649 is divided by 245432.
57
Calculate the remainder when 3089206 is divided by 1029730.
16
What is the remainder when 329017 is divided by 7910?
4707
Calculate the remainder when 14771831 is divided by 147717.
131
What is the remainder when 12234417 is divided by 6?
3
What is the remainder when 741370 is divided by 370682?
6
What is the remainder when 38461213 is divided by 19230606?
1
Calculate the remainder when 208338 is divided by 29745.
123
What is the remainder when 4041525 is divided by 25742?
31
Calculate the remainder when 18592 is divided by 1718.
1412
Calculate the remainder when 40056315 is divided by 32.
27
What is the remainder when 44932991 is divided by 22466494?
3
Calculate the remainder when 269955 is divided by 269857.
98
What is the remainder when 44753 is divided by 11184?
17
Calculate the remainder when 5712564 is divided by 8080.
4
Calculate the remainder when 1907027 is divided by 146687.
96
What is the remainder when 317026 is divided by 1045?
391
Calculate the remainder when 977913 is divided by 210.
153
Calculate the remainder when 75708 is divided by 182.
178
What is the remainder when 654156 is divided by 82?
42
Calculate the remainder when 43205156 is divided by 537.
284
What is the remainder when 16761107 is divided by 464?
35
What is the remainder when 3343266 is divided by 1586?
1564
What is the remainder when 839882 is divided by 104966?
154
What is the remainder when 13137918 is divided by 80598?
444
What is the remainder when 696146 is divided by 8075?
1696
What is the remainder when 89852 is divided by 119?
7
What is the remainder when 675771 is divided by 861?
747
Calculate the remainder when 10144190 is divided by 3181.
3162
What is the remainder when 35656283 is divided by 968?
3
Calculate the remainder when 1471087 is divided by 9882.
8551
What is the remainder when 617292 is divided by 1339?
13
What is the remainder when 247503 is divided by 1212?
255
Calculate the remainder when 211337 is divided by 461.
199
What is the remainder when 1041260 is divided by 790?
40
Calculate the remainder when 16785683 is divided by 671426.
33
What is the remainder when 612673 is divided by 20422?
13
Calculate the remainder when 775537 is divided by 96811.
1049
Calculate the remainder when 14795717 is divided by 7.
6
Calculate the remainder when 17153229 is divided by 252253.
25
What is the remainder when 128493 is divided by 2701?
1546
Calculate the remainder when 10877299 is divided by 808.
3
What is the remainder when 134827 is divided by 1385?
482
What is the remainder when 1342150 is divided by 17?
0
Calculate the remainder when 94133518 is divided by 195.
193
Calculate the remainder when 200996863 is divided by 8107.
12
What is the remainder when 60897 is divided by 2866?
711
Calculate the remainder when 21987087 is divided by 904.
903
What is the remainder when 129905758 is divided by 126?
10
What is the remainder when 1130456 is divided by 1916?
16
Calculate the remainder when 131896 is divided by 63911.
4074
Calculate the remainder when 488586 is divided by 7634.
10
What is the remainder when 3107479 is divided by 2?
1
What is the remainder when 2570619 is divided by 2114?
2109
Calculate the remainder when 4712708 is divided by 2270.
188
What is the remainder when 2846120 is divided by 406587?
11
What is the remainder when 681512 is divided by 4181?
9
What is the remainder when 6915490 is divided by 276?
34
What is the remainder when 215509 is divided by 248?
245
Calculate the remainder when 136923 is divided by 10529.
46
Calculate the remainder when 990539 is divided by 2880.
2699
What is the remainder when 41418149 is divided by 20709069?
11
Calculate the remainder when 270594069 is divided by 1182.
1173
Calculate the remainder when 47406 is divided by 46327.
1079
Calculate the remainder when 423955 is divided by 21186.
235
Calculate the remainder when 2343694 is divided by 80.
14
Calculate the remainder when 1516719 is divided by 15.
9
Calculate the remainder when 338023 is divided by 1577.
545
What is the remainder when 9927 is divided by 9304?
623
Calculate the remainder when 625460 is divided by 14215.
0
What is the remainder when 1782055 is divided by 387?
307
What is the remainder when 625433271 is divided by 217?
211
What is the remainder when 38615 is divided by 3926?
3281
What is the remainder when 1685855 is divided by 1661?
1601
What is the remainder when 32024241 is divided by 294?
291
What is the remainder when 13327359 is divided by 10951?
10943
Calculate the remainder when 471943746 is divided by 235971868.
10
What is the remainder when 11617560 is divided by 11617514?
46
Calculate the remainder when 23733366 is divided by 99.
96
Calculate the remainder when 493182 is divided by 1551.
1515
Calculate the remainder when 16575569 is divided by 302.
299
What is the remainder when 8105398 is divided by 855?
853
Calculate the remainder when 154237497 is divided by 358.
357
What is the remainder when 197737 is divided by 98316?
1105
What is the remainder when 14096646 is divided by 1638?
18
What is the remainder when 37827240 is divided by 3782721?
30
What is the remainder when 5208192 is divided by 431?
419
What is the remainder when 5743 is divided by 347?
191
What is the remainder when 164796 is divided by 318?
72
Calculate the remainder when 3924477 is divided by 441.
18
Calculate the remainder when 596113 is divided by 298015.
83
What is the remainder when 3036 is divided by 459?
282
Calculate the remainder when 13056950 is divided by 15.
5
What is the remainder when 197720 is divided by 197528?
192
Calculate the remainder when 53262116 is divided by 18.
8
Calculate the remainder when 900468 is divided by 27285.
63
What is the remainder when 11462641 is divided by 19?
17
Calculate the remainder when 212743 is divided by 70872.
127
Calculate the remainder when 17424172 is divided by 8.
4
Calculate the remainder when 16060231 is divided by 1922.
1921
What is the remainder when 21918789 is divided by 4446?
9
What is the remainder when 172779 is divided by 533?
87
What is the remainder when 1375860 is divided by 63?